f 28 and r.
28
Let c(g) = -g - 1. Let k(u) = -5*u - 6. Let h(x) = -4*c(x) + k(x). Let r be h(-13). What is the greatest common factor of 22 and r?
11
Let u = -45 + 98. Let j = u - -134. What is the highest common divisor of 17 and j?
17
Let z be (-61)/(-6) - (-1)/(-6). What is the highest common divisor of z and 50?
10
Suppose 5*t = -402 + 1152. What is the highest common divisor of t and 60?
30
Let b = 12 + -9. Suppose -6*m = -m + 5*x - 305, -2*m - b*x = -121. What is the highest common divisor of m and 155?
31
Let h = 36 + -31. Suppose 0*l - 5*l + 200 = 0. What is the greatest common factor of h and l?
5
Let z(o) = 5*o**2 - 5*o - 4. Let a be z(4). Suppose -a = -4*t + 20. Calculate the highest common factor of 152 and t.
19
Let c be 3*(8 - (1 + -1)). Let a = 6 + -4. Let i be -1 + a + (3 - 1). Calculate the greatest common factor of i and c.
3
Let a = 2 + -9. Let s be 8*a/((-42)/9). Calculate the greatest common factor of s and 132.
12
Let v(n) = 18*n. Let s be v(1). Let x = 179 + -134. What is the highest common divisor of x and s?
9
Suppose 2*z = z - 2*o + 12, -2*o + 52 = 5*z. Suppose 2*t - 11 = 49. What is the greatest common divisor of t and z?
10
Let y(t) = t**3 - 13*t**2 + 10*t - 28. Let z be y(13). What is the highest common factor of z and 68?
34
Let f = -45 - -77. Suppose -f = -5*p - 2*k - 2*k, -13 = -p - 3*k. Suppose -3*h + 2 = -4*h - p*v, -v - 2 = 0. Calculate the highest common factor of h and 24.
6
Let v = 11 + 59. Calculate the greatest common factor of 14 and v.
14
Suppose v + 22 - 73 = 0. Calculate the greatest common divisor of v and 17.
17
Suppose 2*f + 54 = 5*f. Let l be 27*((-16)/6)/(-4). Calculate the greatest common divisor of l and f.
18
Suppose 0*a = -4*h + 3*a + 5, -a + 1 = 0. What is the greatest common factor of h and 6?
2
Let l(w) = -w**3 + 2*w. Let n be l(-3). What is the highest common factor of 14 and n?
7
Let a be (-18)/(-5) - 2/(-5). Let n = 171 - 169. Calculate the greatest common factor of a and n.
2
Let f(y) = y**3 + 5*y**2 + 4*y + 3. Let o be f(-4). Let q(h) = h + 4. Let k be q(o). What is the greatest common divisor of k and 77?
7
Let t be (1/3)/((-6)/(-144)). Calculate the greatest common factor of t and 48.
8
Let q be ((-2)/(-6))/((-2)/(-30)). Suppose -b + q*b + 1068 = 0. Let t = -187 - b. What is the highest common factor of 20 and t?
20
Suppose 0 = 5*x + y - 180, -x - 5*y - 36 = -2*x. Suppose 2*k = k + x. Suppose 13 = o - k. What is the greatest common divisor of o and 7?
7
Suppose 10 + 12 = i. Suppose 0 = -3*v - 2*k + i + 31, 0 = 5*v + 2*k - 83. Let p be (-1 - 2)*1*-5. What is the highest common divisor of v and p?
15
Suppose 0 = 2*m - 9 - 21. Let r = 11 + m. Calculate the greatest common divisor of 65 and r.
13
Let g = -83 - -116. Let p be (3 + g/(-9))*-3. Let w = -2 - -5. Calculate the highest common divisor of p and w.
1
Let h = -17 - -45. Suppose -2*v - 2 = 3*g, 6*g + 5*v = 4*g - 5. Let i be (5 - 6) + g + 8. What is the greatest common divisor of h and i?
7
Let t = -11 - -32. Suppose 0*n = -2*n + 28. Calculate the highest common divisor of n and t.
7
Let q = -426 + 642. What is the highest common factor of 36 and q?
36
Suppose -3*g = -4*u + 108, -2*u + 0*g = g - 64. Suppose 0 = 5*i + 2*a - 26, 5*a + 12 = i + 2*a. Calculate the highest common divisor of i and u.
6
Suppose -2*m + 4*j = 4 - 2, 27 = 5*m - 2*j. Suppose c - 98 + 35 = 0. What is the greatest common divisor of c and m?
7
Let h be ((-102)/(-4))/((-3)/(-4)). Suppose -5*p + 355 = 4*y, 0 = y + 3*y - p - 337. Calculate the highest common divisor of y and h.
17
Suppose -48 = -0*u - 4*u. What is the greatest common divisor of 132 and u?
12
Let n = 254 - 237. Let p = -14 + 31. Calculate the highest common factor of p and n.
17
Let t = -10 - -14. Suppose -16 = -4*z, z + t = 3*u - z. What is the greatest common divisor of u and 36?
4
Let r = 20 - 77. Let w = r + 6. Let a = w + 95. Calculate the highest common factor of 11 and a.
11
Suppose 4*k = -0 + 20. Suppose 4*y - 3*y - 5*x = 10, k*x = 0. What is the highest common divisor of y and 15?
5
Suppose -3*i = -35 + 2. Calculate the highest common divisor of 11 and i.
11
Let i(j) = 11*j**2 + 4*j + 1. Let f be i(-2). What is the greatest common factor of f and 37?
37
Let q = 3 + -2. What is the greatest common factor of 1 and q?
1
Suppose 4*p - 2*a - 42 = 0, a = 3*p - 0*a - 29. Calculate the greatest common divisor of 16 and p.
8
Let t = -26 - -63. Let p = t + -19. Calculate the greatest common factor of 126 and p.
18
Let c be (-8)/(-5) + 8/20. Suppose -2*g + c + 14 = 0. Suppose -z = 3*n - 3, -5 = z - 3*n - 26. What is the highest common factor of g and z?
4
Let x(f) be the third derivative of 53*f**4/8 + f**3/6 + 3*f**2. Let v be 0 + 1 + -3 + 3. Let r be x(v). What is the greatest common divisor of r and 20?
20
Let d be (1 + 1)/((-6)/(-15)). Let v(w) = -3*w + 7. Let o be v(6). Let m = o + 36. Calculate the greatest common factor of m and d.
5
Let a = -6 - -14. Let k = a + -7. Calculate the highest common factor of 3 and k.
1
Let m = 6 - 6. Suppose 3*y - r + 6*r = 1, m = y - 4*r - 6. Calculate the highest common factor of y and 3.
1
Suppose 38 + 102 = 5*w. What is the greatest common divisor of 70 and w?
14
Let k = 181 - 83. Let y be 96/7 - 12/(-42). Calculate the highest common factor of k and y.
14
Let x = 56 + 0. Let l be (-16)/(-12)*6/4. Suppose l = -c + 10. Calculate the greatest common factor of x and c.
8
Let a = -184 - -198. Suppose 0*y - 84 = -2*y. What is the greatest common divisor of y and a?
14
Let k(s) = -4*s - 3 + 3. Let j be k(-1). Calculate the highest common divisor of j and 28.
4
Suppose -j = -1 - 1. Suppose 2*u = -4*k + 184, u - j*k - 172 = -u. Calculate the highest common divisor of u and 11.
11
Suppose -5*c + 30 = 5*s, 4*c - 20 = -s - 5. Let g(m) = m**2 + 2*m - 1. Let y be g(s). What is the greatest common factor of 14 and y?
14
Let h = 142 - 30. What is the highest common divisor of h and 14?
14
Let n be 4/3 - 2/(-3). Suppose 4*u + 0*u + 36 = -n*w, -3*u - 4*w = 17. Let a = u - -17. What is the highest common factor of a and 24?
6
Let z(s) = 14*s**2 + 2*s - 1. Let n be z(-1). Suppose -6*q = -q - 55. What is the greatest common divisor of n and q?
11
Let y = -6 - -7. Let v = y - -4. Suppose 5*a - 30 = v. Calculate the greatest common divisor of a and 77.
7
Suppose 2*h - 12 = -0*h. What is the highest common factor of h and 15?
3
Suppose 2*b - 11*b = -45. What is the greatest common factor of 5 and b?
5
Suppose -2*h + 16 = 4*r, 2*h - 4*h = -4*r + 16. Suppose -2*t + 1 = -3, h = 2*d + t - 16. What is the greatest common factor of d and 1?
1
Suppose -2*y + 0*y = -14. Suppose -5*s + 5 = -5*m, -s + 2*m = -4*s - 12. Let w = 5 - s. Calculate the highest common factor of w and y.
7
Suppose 0 = g + 2 - 5. Suppose 0 = -0*z - g*z + 72. Let x(o) = -o**3 + 11*o**2 - 10*o + 8. Let t be x(10). Calculate the highest common factor of t and z.
8
Let x(s) = -14*s - 3. Let w be x(-4). Suppose -w = -2*c - 4*p - 1, 3*c - 114 = 3*p. What is the highest common factor of c and 85?
17
Let n = 16 - 11. Calculate the highest common factor of n and 15.
5
Let z be (5 + -3)/((-2)/12). Let s = z + 22. Calculate the highest common factor of 2 and s.
2
Suppose 0 = -0*q + q - 8. What is the greatest common divisor of 8 and q?
8
Suppose 5*r + 10 = -0*r. Let t be (3/6)/(r/(-44)). Suppose 0 = -i + 139 - 18. Calculate the greatest common divisor of t and i.
11
Suppose 2*t - 2*o = -0*o + 10, 5*o = t - 25. Let s be 0 - t - (-1 + 0). Let i be 6/(-2)*(s - 2). Calculate the highest common factor of 3 and i.
3
Let u = 120 - 76. Calculate the greatest common divisor of 11 and u.
11
Suppose 3*z - 20 = -r, -23 = -4*r + 5*z + 23. Let v be (-4)/(-6) + r/6. Suppose -7 = -v*p + 173. Calculate the highest common factor of 24 and p.
12
Let n be -3*(2 - 4 - -4). Let p be (-740)/n*3/2. What is the greatest common factor of p and 74?
37
Let b = -8 + 18. Suppose 2*a = -0*a + b. Calculate the greatest common factor of a and 40.
5
Suppose 22 - 85 = -3*b. Suppose -t = -b - 14. Suppose 6*s - 25 = s. Calculate the highest common factor of s and t.
5
Suppose -5*k + 201 = 6. Let u be k - -1 - (-10)/5. Calculate the greatest common divisor of 28 and u.
14
Let h = -9 + 9. Suppose h = -5*k + 40 + 5. Calculate the greatest common divisor of k and